{"id":78,"date":"2018-02-26T08:56:47","date_gmt":"2018-02-26T07:56:47","guid":{"rendered":"http:\/\/krzysztofwalczewski.art\/?page_id=78"},"modified":"2020-03-23T15:35:16","modified_gmt":"2020-03-23T14:35:16","slug":"galeria","status":"publish","type":"page","link":"https:\/\/krzysztofwalczewski.art\/index.php\/strona-glowna\/galeria\/","title":{"rendered":"Galeria"},"content":{"rendered":"<p>[et_pb_section fb_built=\"1\" _builder_version=\"3.22\" background_image=\"http:\/\/krzysztofwalczewski.art\/wp-content\/uploads\/2018\/03\/tlo5.jpg\" parallax=\"on\"][et_pb_row _builder_version=\"3.25\" background_size=\"initial\" background_position=\"top_left\" background_repeat=\"repeat\"][et_pb_column type=\"4_4\" _builder_version=\"3.25\" custom_padding=\"|||\" custom_padding__hover=\"|||\"][et_pb_text _builder_version=\"3.27.4\" max_width=\"70%\" max_width_tablet=\"100%\" max_width_phone=\"\" max_width_last_edited=\"on|desktop\" module_alignment=\"center\"]<\/p>\n<p class=\"Standard\">Akwa\u00adre\u00adla jest tech\u00adni\u00adk\u0105 malar\u00adsk\u0105, w&nbsp;kt\u00f3\u00adrej arty\u00adsta pos\u0142u\u00adgu\u00adje si\u0119 far\u00adba\u00admi akwa\u00adre\u00adlo\u00adwy\u00admi (far\u00adba wod\u00adna o&nbsp;spo\u00adiwie roz\u00adpusz\u00adczal\u00adnym w&nbsp;wodzie) k\u0142a\u00addzio\u00adny\u00admi naj\u00adcz\u0119\u00ad\u015bciej na papie\u00adrze \u2013 far\u00adba two\u00adrzy cien\u00adk\u0105, prze\u00adzro\u00adczy\u00adst\u0105 war\u00adstw\u0119, przez kt\u00f3\u00adr\u0105 prze\u00adbi\u00adja kolor pod\u00ad\u0142o\u00ad\u017ca. Tech\u00adni\u00adka ta, wbrew potocz\u00adnym prze\u00adko\u00adna\u00adniom, nie jest \u0142atwa, wyma\u00adga du\u017cej pre\u00adcy\u00adzji ze wzgl\u0119\u00addu na trud\u00adno\u00ad\u015bci doko\u00adny\u00adwa\u00adnia poprawek.<\/p>\n<p class=\"Standard\">Akwa\u00adre\u00adla wyst\u0119\u00adpo\u00adwa\u00ad\u0142a ju\u017c w&nbsp;sta\u00adro\u00ad\u017cyt\u00adnym Egip\u00adcie i&nbsp;Gre\u00adcji, w&nbsp;rzym\u00adskim malar\u00adstwie \u015bcien\u00adnym, w&nbsp;kata\u00adkum\u00adbach wcze\u00adsno\u00adchrze\u00ad\u015bci\u00adja\u0144\u00adskich, a&nbsp;nast\u0119p\u00adnie ju\u017c tyl\u00adko w&nbsp;ilu\u00admi\u00adna\u00adtor\u00adstwie, sk\u0105d przy\u00adj\u0119\u00ad\u0142a j\u0105 na kr\u00f3t\u00adko w&nbsp;XV wie\u00adku gra\u00adfi\u00adka ksi\u0105\u017ckowa.<\/p>\n<p class=\"Standard\">Roz\u00adw\u00f3j akwa\u00adre\u00adli jako tech\u00adni\u00adki samo\u00addziel\u00adnej przy\u00adpa\u00adda na XVII \u2013 XIX wiek, szcze\u00adg\u00f3l\u00adny jej roz\u00adkwit to 2&nbsp;po\u0142o\u00adwa XVII wie\u00adku w&nbsp;Anglii i&nbsp;XIX wiek w&nbsp;innych kra\u00adjach euro\u00adpej\u00adskich. W&nbsp;Pol\u00adsce akwa\u00adre\u00adla poja\u00adwi\u00ad\u0142a si\u0119 w&nbsp;okre\u00adsie o\u015bwie\u00adce\u00adnia i&nbsp;jest popu\u00adlar\u00adna do&nbsp;dzi\u015b.<\/p>\n<p class=\"Standard\">Zapra\u00adszam Pa\u0144\u00adstwa do zapo\u00adzna\u00adnia si\u0119 z&nbsp;moimi pracami.<\/p>\n<p>[\/et_pb_text][\/et_pb_column][\/et_pb_row][et_pb_row use_custom_gutter=\"on\" gutter_width=\"1\" _builder_version=\"3.25\"][et_pb_column type=\"4_4\" _builder_version=\"3.25\" custom_padding=\"|||\" custom_padding__hover=\"|||\"][et_pb_gallery gallery_ids=\"230,235,234,233,232,229,228,227,226,225,224,223,222,221,220,219,218,217,216,215,214,213,212,211,47,55,35,54,36,56,50,39,45,42,40,48,41,34,38,44,43,58,57,51,46,49,37,53\" posts_number=\"48\" show_pagination=\"off\" zoom_icon_color=\"#cccccc\" module_class=\"galeria\" _builder_version=\"4.4.1\" title_font=\"Cairo||||||||\" title_text_color=\"#555555\" hover_enabled=\"0\" pagination_font_size_tablet=\"51\" pagination_line_height_tablet=\"2\"][\/et_pb_gallery][\/et_pb_column][\/et_pb_row][\/et_pb_section]<\/p>\n","protected":false},"excerpt":{"rendered":"<p>[et_pb_section fb_built=\"1\" _builder_version=\"3.22\" background_image=\"http:\/\/krzysztofwalczewski.art\/wp-content\/uploads\/2018\/03\/tlo5.jpg\" parallax=\"on\"][et_pb_row _builder_version=\"3.25\" background_size=\"initial\" background_position=\"top_left\" background_repeat=\"repeat\"][et_pb_column type=\"4_4\" _builder_version=\"3.25\" custom_padding=\"|||\" custom_padding__hover=\"|||\"][et_pb_text _builder_version=\"3.27.4\" max_width=\"70%\" max_width_tablet=\"100%\" max_width_phone=\"\" max_width_last_edited=\"on|desktop\" module_alignment=\"center\"] Akwa\u00adre\u00adla jest tech\u00adni\u00adk\u0105 malar\u00adsk\u0105, w&nbsp;kt\u00f3\u00adrej arty\u00adsta pos\u0142u\u00adgu\u00adje si\u0119 far\u00adba\u00admi akwa\u00adre\u00adlo\u00adwy\u00admi (far\u00adba wod\u00adna o&nbsp;spo\u00adiwie roz\u00adpusz\u00adczal\u00adnym w&nbsp;wodzie) k\u0142a\u00addzio\u00adny\u00admi naj\u00adcz\u0119\u00ad\u015bciej na papie\u00adrze \u2013 far\u00adba two\u00adrzy cien\u00adk\u0105, prze\u00adzro\u00adczy\u00adst\u0105 war\u00adstw\u0119, przez kt\u00f3\u00adr\u0105 prze\u00adbi\u00adja kolor pod\u00ad\u0142o\u00ad\u017ca. Tech\u00adni\u00adka ta, wbrew potocz\u00adnym prze\u00adko\u00adna\u00adniom,&nbsp;nie&nbsp;[\u2026]<\/p>\n","protected":false},"author":1,"featured_media":0,"parent":5,"menu_order":0,"comment_status":"closed","ping_status":"closed","template":"","meta":{"_et_pb_use_builder":"on","_et_pb_old_content":"","_et_gb_content_width":"","inline_featured_image":false,"wp_typography_post_enhancements_disabled":false,"footnotes":""},"_links":{"self":[{"href":"https:\/\/krzysztofwalczewski.art\/index.php\/wp-json\/wp\/v2\/pages\/78"}],"collection":[{"href":"https:\/\/krzysztofwalczewski.art\/index.php\/wp-json\/wp\/v2\/pages"}],"about":[{"href":"https:\/\/krzysztofwalczewski.art\/index.php\/wp-json\/wp\/v2\/types\/page"}],"author":[{"embeddable":true,"href":"https:\/\/krzysztofwalczewski.art\/index.php\/wp-json\/wp\/v2\/users\/1"}],"replies":[{"embeddable":true,"href":"https:\/\/krzysztofwalczewski.art\/index.php\/wp-json\/wp\/v2\/comments?post=78"}],"version-history":[{"count":20,"href":"https:\/\/krzysztofwalczewski.art\/index.php\/wp-json\/wp\/v2\/pages\/78\/revisions"}],"predecessor-version":[{"id":247,"href":"https:\/\/krzysztofwalczewski.art\/index.php\/wp-json\/wp\/v2\/pages\/78\/revisions\/247"}],"up":[{"embeddable":true,"href":"https:\/\/krzysztofwalczewski.art\/index.php\/wp-json\/wp\/v2\/pages\/5"}],"wp:attachment":[{"href":"https:\/\/krzysztofwalczewski.art\/index.php\/wp-json\/wp\/v2\/media?parent=78"}],"curies":[{"name":"wp","href":"https:\/\/api.w.org\/{rel}","templated":true}]}}

<p>[et_pb_section fb_built="1" _builder_version="3.22" background_image="http://krzysztofwalczewski.art/wp-content/uploads/2018/03/tlo5.jpg" parallax="on"][et_pb_row _builder_version="3.25" background_size="initial" background_position="top_left" background_repeat="repeat"][et_pb_column type="4_4" _builder_version="3.25" custom_padding="|||" custom_padding__hover="|||"][et_pb_text _builder_version="3.27.4" max_width="70%" max_width_tablet="100%" max_width_phone="" max_width_last_edited="on|desktop" module_alignment="center"]</p>
<p class="Standard">Akwa­re­la jest tech­ni­ką malar­ską, w&nbsp;któ­rej arty­sta posłu­gu­je się far­ba­mi akwa­re­lo­wy­mi (far­ba wod­na o&nbsp;spo­iwie roz­pusz­czal­nym w&nbsp;wodzie) kła­dzio­ny­mi naj­czę­ściej na papie­rze – far­ba two­rzy cien­ką, prze­zro­czy­stą war­stwę, przez któ­rą prze­bi­ja kolor pod­ło­ża. Tech­ni­ka ta, wbrew potocz­nym prze­ko­na­niom, nie jest łatwa, wyma­ga dużej pre­cy­zji ze wzglę­du na trud­no­ści doko­ny­wa­nia poprawek.</p>
<p class="Standard">Akwa­re­la wystę­po­wa­ła już w&nbsp;sta­ro­żyt­nym Egip­cie i&nbsp;Gre­cji, w&nbsp;rzym­skim malar­stwie ścien­nym, w&nbsp;kata­kum­bach wcze­sno­chrze­ści­jań­skich, a&nbsp;następ­nie już tyl­ko w&nbsp;ilu­mi­na­tor­stwie, skąd przy­ję­ła ją na krót­ko w&nbsp;XV wie­ku gra­fi­ka książkowa.</p>
<p class="Standard">Roz­wój akwa­re­li jako tech­ni­ki samo­dziel­nej przy­pa­da na XVII – XIX wiek, szcze­gól­ny jej roz­kwit to 2&nbsp;poło­wa XVII wie­ku w&nbsp;Anglii i&nbsp;XIX wiek w&nbsp;innych kra­jach euro­pej­skich. W&nbsp;Pol­sce akwa­re­la poja­wi­ła się w&nbsp;okre­sie oświe­ce­nia i&nbsp;jest popu­lar­na do&nbsp;dziś.</p>
<p class="Standard">Zapra­szam Pań­stwa do zapo­zna­nia się z&nbsp;moimi pracami.</p>
<p>[/et_pb_text][/et_pb_column][/et_pb_row][et_pb_row use_custom_gutter="on" gutter_width="1" _builder_version="3.25"][et_pb_column type="4_4" _builder_version="3.25" custom_padding="|||" custom_padding__hover="|||"][et_pb_gallery gallery_ids="230,235,234,233,232,229,228,227,226,225,224,223,222,221,220,219,218,217,216,215,214,213,212,211,47,55,35,54,36,56,50,39,45,42,40,48,41,34,38,44,43,58,57,51,46,49,37,53" posts_number="48" show_pagination="off" zoom_icon_color="#cccccc" module_class="galeria" _builder_version="4.4.1" title_font="Cairo||||||||" title_text_color="#555555" hover_enabled="0" pagination_font_size_tablet="51" pagination_line_height_tablet="2"][/et_pb_gallery][/et_pb_column][/et_pb_row][/et_pb_section]</p>

<p>[et_pb_section fb_built="1" _builder_version="3.22" background_image="http://krzysztofwalczewski.art/wp-content/uploads/2018/03/tlo5.jpg" parallax="on"][et_pb_row _builder_version="3.25" background_size="initial" background_position="top_left" background_repeat="repeat"][et_pb_column type="4_4" _builder_version="3.25" custom_padding="|||" custom_padding__hover="|||"][et_pb_text _builder_version="3.27.4" max_width="70%" max_width_tablet="100%" max_width_phone="" max_width_last_edited="on|desktop" module_alignment="center"] Akwa­re­la jest tech­ni­ką malar­ską, w&nbsp;któ­rej arty­sta posłu­gu­je się far­ba­mi akwa­re­lo­wy­mi (far­ba wod­na o&nbsp;spo­iwie roz­pusz­czal­nym w&nbsp;wodzie) kła­dzio­ny­mi naj­czę­ściej na papie­rze – far­ba two­rzy cien­ką, prze­zro­czy­stą war­stwę, przez któ­rą prze­bi­ja kolor pod­ło­ża. Tech­ni­ka ta, wbrew potocz­nym prze­ko­na­niom,&nbsp;nie&nbsp;[…]</p>
